 {"id":2317,"date":"2019-03-11T17:36:24","date_gmt":"2019-03-11T16:36:24","guid":{"rendered":"https:\/\/www.garciden.com\/?page_id=2317"},"modified":"2019-03-18T16:34:12","modified_gmt":"2019-03-18T15:34:12","slug":"storia","status":"publish","type":"page","link":"https:\/\/garciden.com\/it\/impresa\/storia\/","title":{"rendered":"Storia"},"content":{"rendered":"<div class=\"wpb-content-wrapper\"><p>[vc_row row_height_percent=&#8221;0&#8243; override_padding=&#8221;yes&#8221; h_padding=&#8221;2&#8243; top_padding=&#8221;0&#8243; bottom_padding=&#8221;2&#8243; overlay_alpha=&#8221;50&#8243; gutter_size=&#8221;3&#8243; column_width_percent=&#8221;100&#8243; shift_y=&#8221;0&#8243; z_index=&#8221;0&#8243;][vc_column column_width_percent=&#8221;100&#8243; overlay_alpha=&#8221;50&#8243; gutter_size=&#8221;2&#8243; medium_width=&#8221;0&#8243; mobile_width=&#8221;0&#8243; shift_x=&#8221;0&#8243; shift_y=&#8221;0&#8243; shift_y_down=&#8221;0&#8243; z_index=&#8221;0&#8243; width=&#8221;1\/1&#8243;][vc_column_text]Company with a family spirit and roots from Almer\u00eda it began its career more than 18 years ago in Vera (Almer\u00eda). Azienda con base a Vera (Almeria), con forte spirito familiare, affonda le sue radici in Almer\u00eda e vanta un\u2019esperienza nel settore di pi\u00f9 di 18 anni.<\/p>\n<p><strong>GARCIDEN<\/strong> , come la maggior parte delle aziende che sono guidate da veri visionari, nasce grazie all&#8217;impegno e allo sforzo di Antonio Garc\u00eda (noto come Antonio dense) e della sua famiglia che, pi\u00f9 di 20 anni fa, ha deciso di scommettere sull&#8217;innovazione, evolvendo dal suo modesto quartier generale situato nel faro di Garrucha fino alle strutture moderne che oggi sono sede e che nel loro giorno segnarono un prima e dopo nella zona.<\/p>\n<p><span class=\"text-gris-claro-color\" style=\"font-weight: 600;\">L&#8217;Unione delle forze, della conoscenza e dell&#8217;imprenditorialit\u00e0 della famiglia Garc\u00eda, guidata dal tandem formato da Antonio J. Garc\u00eda, attuale CEO della societ\u00e0, insieme a \u00c1ngel Fern\u00e1ndez, il primo e determinante direttore generale, hanno portato alla creazione dell&#8217;attuale filosofia dell&#8217;azienda, basata sui valori del lavoro, dell&#8217;impegno e della qualit\u00e0.<\/span><\/p>\n<p>Da allora, GARCIDEN \u00e8 cresciuta considerevolmente e si \u00e8 affermata come punto di riferimento nazionale e internazionale nei settori dell&#8217;ingrosso di pesce e frutti di mare e del trasporto di merci su gomma.[\/vc_column_text][vc_column_text]<span class=\"color-rojo-negrita\" style=\"font-weight: 600;\">GALLERIA <\/span><span class=\"color-rojo-negrita\" style=\"font-weight: 600;\"><br \/>\n<\/span>[\/vc_column_text][vc_gallery el_id=&#8221;gallery-210078&#8243; type=&#8221;justified&#8221; medias=&#8221;1159,1160,1161,1162,1155,1167,1168,1170&#8243; justify_row_height=&#8221;250&#8243; gutter_size=&#8221;1&#8243; single_overlay_opacity=&#8221;50&#8243; single_padding=&#8221;2&#8243;][\/vc_column][\/vc_row]<\/p>\n<\/div>","protected":false},"excerpt":{"rendered":"<p>[vc_row row_height_percent=&#8221;0&#8243; override_padding=&#8221;yes&#8221; h_padding=&#8221;2&#8243; top_padding=&#8221;0&#8243; bottom_padding=&#8221;2&#8243; overlay_alpha=&#8221;50&#8243; gutter_size=&#8221;3&#8243; column_width_percent=&#8221;100&#8243; shift_y=&#8221;0&#8243; z_index=&#8221;0&#8243;][vc_column column_width_percent=&#8221;100&#8243; overlay_alpha=&#8221;50&#8243; gutter_size=&#8221;2&#8243; medium_width=&#8221;0&#8243; mobile_width=&#8221;0&#8243; shift_x=&#8221;0&#8243; shift_y=&#8221;0&#8243; shift_y_down=&#8221;0&#8243; z_index=&#8221;0&#8243; [&hellip;]<\/p>\n","protected":false},"author":1,"featured_media":0,"parent":2314,"menu_order":0,"comment_status":"closed","ping_status":"closed","template":"","meta":{"footnotes":""},"class_list":["post-2317","page","type-page","status-publish","hentry"],"acf":[],"_links":{"self":[{"href":"https:\/\/garciden.com\/it\/wp-json\/wp\/v2\/pages\/2317"}],"collection":[{"href":"https:\/\/garciden.com\/it\/wp-json\/wp\/v2\/pages"}],"about":[{"href":"https:\/\/garciden.com\/it\/wp-json\/wp\/v2\/types\/page"}],"author":[{"embeddable":true,"href":"https:\/\/garciden.com\/it\/wp-json\/wp\/v2\/users\/1"}],"replies":[{"embeddable":true,"href":"https:\/\/garciden.com\/it\/wp-json\/wp\/v2\/comments?post=2317"}],"version-history":[{"count":0,"href":"https:\/\/garciden.com\/it\/wp-json\/wp\/v2\/pages\/2317\/revisions"}],"up":[{"embeddable":true,"href":"https:\/\/garciden.com\/it\/wp-json\/wp\/v2\/pages\/2314"}],"wp:attachment":[{"href":"https:\/\/garciden.com\/it\/wp-json\/wp\/v2\/media?parent=2317"}],"curies":[{"name":"wp","href":"https:\/\/api.w.org\/{rel}","templated":true}]}}

<div class="wpb-content-wrapper"><p>[vc_row row_height_percent=&#8221;0&#8243; override_padding=&#8221;yes&#8221; h_padding=&#8221;2&#8243; top_padding=&#8221;0&#8243; bottom_padding=&#8221;2&#8243; overlay_alpha=&#8221;50&#8243; gutter_size=&#8221;3&#8243; column_width_percent=&#8221;100&#8243; shift_y=&#8221;0&#8243; z_index=&#8221;0&#8243;][vc_column column_width_percent=&#8221;100&#8243; overlay_alpha=&#8221;50&#8243; gutter_size=&#8221;2&#8243; medium_width=&#8221;0&#8243; mobile_width=&#8221;0&#8243; shift_x=&#8221;0&#8243; shift_y=&#8221;0&#8243; shift_y_down=&#8221;0&#8243; z_index=&#8221;0&#8243; width=&#8221;1/1&#8243;][vc_column_text]Company with a family spirit and roots from Almería it began its career more than 18 years ago in Vera (Almería). Azienda con base a Vera (Almeria), con forte spirito familiare, affonda le sue radici in Almería e vanta un’esperienza nel settore di più di 18 anni.</p>
<p><strong>GARCIDEN</strong> , come la maggior parte delle aziende che sono guidate da veri visionari, nasce grazie all&#8217;impegno e allo sforzo di Antonio García (noto come Antonio dense) e della sua famiglia che, più di 20 anni fa, ha deciso di scommettere sull&#8217;innovazione, evolvendo dal suo modesto quartier generale situato nel faro di Garrucha fino alle strutture moderne che oggi sono sede e che nel loro giorno segnarono un prima e dopo nella zona.</p>
<p><span class="text-gris-claro-color" style="font-weight: 600;">L&#8217;Unione delle forze, della conoscenza e dell&#8217;imprenditorialità della famiglia García, guidata dal tandem formato da Antonio J. García, attuale CEO della società, insieme a Ángel Fernández, il primo e determinante direttore generale, hanno portato alla creazione dell&#8217;attuale filosofia dell&#8217;azienda, basata sui valori del lavoro, dell&#8217;impegno e della qualità.</span></p>
<p>Da allora, GARCIDEN è cresciuta considerevolmente e si è affermata come punto di riferimento nazionale e internazionale nei settori dell&#8217;ingrosso di pesce e frutti di mare e del trasporto di merci su gomma.[/vc_column_text][vc_column_text]<span class="color-rojo-negrita" style="font-weight: 600;">GALLERIA </span><span class="color-rojo-negrita" style="font-weight: 600;"><br />
</span>[/vc_column_text][vc_gallery el_id=&#8221;gallery-210078&#8243; type=&#8221;justified&#8221; medias=&#8221;1159,1160,1161,1162,1155,1167,1168,1170&#8243; justify_row_height=&#8221;250&#8243; gutter_size=&#8221;1&#8243; single_overlay_opacity=&#8221;50&#8243; single_padding=&#8221;2&#8243;][/vc_column][/vc_row]</p>
</div>
