 {"id":2461,"date":"2019-03-11T17:40:03","date_gmt":"2019-03-11T16:40:03","guid":{"rendered":"https:\/\/www.garciden.com\/?page_id=2461"},"modified":"2022-05-26T09:39:19","modified_gmt":"2022-05-26T08:39:19","slug":"transporto","status":"publish","type":"page","link":"https:\/\/garciden.com\/it\/azienda\/transporto\/","title":{"rendered":"Transporto"},"content":{"rendered":"<div class=\"wpb-content-wrapper\"><p>[vc_row row_height_percent=&#8221;0&#8243; override_padding=&#8221;yes&#8221; h_padding=&#8221;2&#8243; top_padding=&#8221;0&#8243; bottom_padding=&#8221;2&#8243; overlay_alpha=&#8221;50&#8243; gutter_size=&#8221;3&#8243; column_width_percent=&#8221;100&#8243; shift_y=&#8221;0&#8243; z_index=&#8221;0&#8243;][vc_column width=&#8221;2\/3&#8243;][vc_column_text]<span class=\"text-gris-clave-color\" style=\"font-weight: 600;\"><a href=\"https:\/\/adlogistics.es\/\" target=\"_blank\" rel=\"noopener\">ADLOGISTICS<\/a> \u00e8 il marchio Garciden responsabile della distribuzione di una vasta gamma di prodotti, sia propri che di altre aziende, in tutta Europa.<\/span><\/p>\n<p><span class=\"text-gris-clave-color\" style=\"font-weight: 600;\">Nasce con l&#8217;obiettivo di garantire i tempi e la qualit\u00e0 del prodotto che viene consegnato. Con una flotta media di oltre 100 veicoli refrigerati, equipaggiati con le pi\u00f9 recenti tecnologie, e con pi\u00f9 di 20 milioni chilometri all&#8217;anno, forniamo pi\u00f9 di 650 clienti su base costante in tutta Europa 365 giorni all&#8217;anno.<\/span><\/p>\n<p>La flotta di veicoli, costituita da rimorchi, isotermi e veicoli rigidi, \u00e8 in costante rinnovamento ed espansione. La versatilit\u00e0 di possedere una flotta cos\u00ec ampia e diversificata aiuta a soddisfare i tempi di consegna in quanto \u00e8 progettata per migliorare la copertura dell&#8217;azienda. Al fine di garantire le migliori condizioni sia per i veicoli che per i rimorchi frigoriferi, in GARCIDEN abbiamo creato un sofisticato laboratorio specializzato in cadauno degli elementi che compongono ciascuno dei nostri veicoli.<\/p>\n<p>Per GARCIDEN e ADLOGISTICS le condizioni dei loro dipendenti, veicoli e l&#8217;impatto sull&#8217;ambiente sono di fondamentale importanza ed \u00e8 per questo che GARCIDEN investe ogni anno in nuovi mezzi cosicch\u00e9 siano sempre i migliori.[\/vc_column_text][\/vc_column][vc_column column_width_percent=&#8221;100&#8243; gutter_size=&#8221;2&#8243; overlay_alpha=&#8221;50&#8243; shift_x=&#8221;0&#8243; shift_y=&#8221;0&#8243; shift_y_down=&#8221;0&#8243; z_index=&#8221;0&#8243; medium_width=&#8221;0&#8243; mobile_width=&#8221;0&#8243; width=&#8221;1\/3&#8243;][vc_single_image media=&#8221;1132&#8243; media_width_percent=&#8221;100&#8243;][vc_single_image media=&#8221;1258&#8243; media_width_percent=&#8221;100&#8243;][\/vc_column][\/vc_row][vc_row row_height_percent=&#8221;0&#8243; override_padding=&#8221;yes&#8221; h_padding=&#8221;2&#8243; top_padding=&#8221;0&#8243; bottom_padding=&#8221;0&#8243; overlay_alpha=&#8221;50&#8243; gutter_size=&#8221;2&#8243; column_width_percent=&#8221;100&#8243; shift_y=&#8221;0&#8243; z_index=&#8221;0&#8243;][vc_column width=&#8221;1\/3&#8243;][vc_column_text el_class=&#8221;listado-mapa-internacional pescado&#8221;]PARTENZE INTERNAZIONALI<\/p>\n<ul style=\"margin-bottom: 30px !important;\">\n<li>Francia del sud<\/li>\n<li>Milano<\/li>\n<li>Verona<\/li>\n<li>Padova<\/li>\n<li>Bologna<\/li>\n<\/ul>\n<p>[\/vc_column_text][\/vc_column][vc_column width=&#8221;1\/3&#8243;][vc_column_text el_class=&#8221;listado-mapa-internacional pescado&#8221;]DPTO. NATION<\/p>\n<ul>\n<li>Almeria<\/li>\n<li>Regione di Murcia<\/li>\n<li>Comunit\u00e0 di Madrid<\/li>\n<li>Catalogna<\/li>\n<li>Comunit\u00e0 Valenciana<\/li>\n<li>Resto delle Communit\u00e0 Mediterranee<\/li>\n<\/ul>\n<p>[\/vc_column_text][\/vc_column][vc_column width=&#8221;1\/3&#8243;][vc_column_text el_class=&#8221;listado-mapa-internacional pescado&#8221;]RITORNI<\/p>\n<ul>\n<li>Comunit\u00e0 di Madrid<\/li>\n<li>Catalogna<\/li>\n<li>Comunit\u00e0 Valenciana<\/li>\n<li>Resto delle Communit\u00e0 Mediterranee<\/li>\n<li>Dall&#8217;Italia alla Spagna<\/li>\n<li>Francia del sud<\/li>\n<\/ul>\n<p>[\/vc_column_text][\/vc_column][\/vc_row][vc_row row_height_percent=&#8221;0&#8243; override_padding=&#8221;yes&#8221; h_padding=&#8221;2&#8243; top_padding=&#8221;2&#8243; bottom_padding=&#8221;0&#8243; overlay_alpha=&#8221;50&#8243; gutter_size=&#8221;3&#8243; column_width_percent=&#8221;100&#8243; shift_y=&#8221;0&#8243; z_index=&#8221;0&#8243;][vc_column width=&#8221;1\/1&#8243;][vc_column_text]<span class=\"h6 color-cherry font-600\">Our fleet of vehicles<\/span><\/p>\n<p>La nostra flotta \u00e8 costituita da una grande variet\u00e0 di veicoli refrigerati che si adattano a tutte le esigenze..Abbiamo pi\u00f9 di 100 Trattori e 130 rimorchi, isotermi e veicoli rigidi; disponibili 365 giorni all&#8217;anno per tutti I nostri clienti.<\/p>\n<p>Grazie al continuo rinnovamento e ampliamento dei nostri trattori e rimorchi anno dopo anno, garantiamo le condizioni ottimali dei veicoli e dei rimorchi-frigo per il trasporto di qualsiasi tipo di merce.<\/p>\n<p>Abbiamo un <span class=\"text-gris-claro-color\" style=\"font-weight: 600;\">laboratorio sofisticato con personale specializzato in meccanica di veicoli pesanti e attrezzature fredde.<\/span>. Gli obiettivi principali di questo reparto sono la sicurezza dei nostri autisti, mantenendo la corretta condizione della merce dei nostri clienti e minimizzando l&#8217;impatto sull&#8217;ambiente. Per questo, la corretta organizzazione interna dell\u2019officina ci permette di raggiungere questi obiettivi.[\/vc_column_text][\/vc_column][\/vc_row][vc_row row_height_percent=&#8221;0&#8243; override_padding=&#8221;yes&#8221; h_padding=&#8221;2&#8243; top_padding=&#8221;2&#8243; bottom_padding=&#8221;0&#8243; overlay_alpha=&#8221;50&#8243; gutter_size=&#8221;3&#8243; column_width_percent=&#8221;100&#8243; shift_y=&#8221;0&#8243; z_index=&#8221;0&#8243;][vc_column width=&#8221;1\/1&#8243;][vc_column_text]<span class=\"h6 color-cherry font-600\">I nostri servizi<\/span><\/p>\n<p>L&#8217;organizzazione e la professionalit\u00e0 del team ADLOGISTICS ci permette di offrire ai nostri clienti 24\/7 attenzione personalizzata e il tracciamento continuo del carico per garantire i tempi di consegna e le buone condizioni della merce.<\/p>\n<p><span class=\"text-gris-claro-color\" style=\"font-weight: 600;\">Offriamo servizi di trasporto merci in forma di groupage e camion completi. Sempre impegnati a soddisfare le esigenze e le peculiarit\u00e0 di ciascuno dei viaggi che facciamo.<\/span><\/p>\n<p>Secondo l&#8217;origine e la destinazione del trasporto dividiamo la nostra attivit\u00e0 in diversi dipartimenti:<\/p>\n<p><span class=\"text-gris-claro-color\" style=\"font-weight: 600;\">&#8211; Dipartimento di PARTENZE:<\/span> l&#8217;obiettivo principale di questo reparto \u00e8 il trasporto di prodotti ortofrutticoli dal sud della Spagna al mercato europeo. La nostra posizione strategica e la grande copertura territoriale che offriamo permette al cliente di ricevere il prodotto nelle migliori condizioni al momento desiderato. L&#8217;organizzazione e la professionalit\u00e0 del team ADLOGISTICS ci permette di offrire ai nostri clienti un servizio continuo 24 ore e di localizzare in tempo reale il carico per garantire i tempi di consegna e le buone condizioni della merce.<\/p>\n<p><span class=\"text-gris-claro-color\" style=\"font-weight: 600;\">&#8211; Dipartimento dei RITORNI:<\/span> trasporiamo tutti i tipi di merci, pacchi, imballaggi o industriali. ADLOGISTICS ha una grande copertura internazionale, concentrando la sua attivit\u00e0 nel nord Italia.<\/p>\n<p><span class=\"text-gris-claro-color\" style=\"font-weight: 600;\">&#8211; Dipartimento NAZIONALE:<\/span> la nostra logistica \u00e8 presente in tutto il territorio nazionale, con veicoli provenienti dal resto d&#8217;Europa che hanno il nostro Paese come destinazione. All&#8217;interno del territorio nazionale alcune delle nostre rotte attraversano comunit\u00e0 autonome come quelle della Catalogna, di Valencia e Madrid, fino a giungere alla zona di Almeria e Murcia.[\/vc_column_text][\/vc_column][\/vc_row][vc_row row_height_percent=&#8221;0&#8243; override_padding=&#8221;yes&#8221; h_padding=&#8221;2&#8243; top_padding=&#8221;2&#8243; bottom_padding=&#8221;0&#8243; overlay_alpha=&#8221;50&#8243; gutter_size=&#8221;3&#8243; column_width_percent=&#8221;100&#8243; shift_y=&#8221;0&#8243; z_index=&#8221;0&#8243;][vc_column width=&#8221;1\/1&#8243;][vc_column_text]<span class=\"h6 color-cherry font-600\">Servizio di camion sicuro e completo<\/span><\/p>\n<p><span class=\"text-gris-claro-color\" style=\"font-weight: 600;\">Il servizio di camion di gruppo e completo, in costante evoluzione, \u00e8 attualmente uno dei pi\u00f9 importanti di AD log\u00edstica. Grazie alle dimensioni della flotta, la grande diversit\u00e0 di itinerari che vengono effettuati e l&#8217;eccellente personale che questa divisione di Garciden possiede, \u00e8 possibile eseguirla con la massima garanzia.<\/span><\/p>\n<p>La professionalit\u00e0 del team di incaricati della distribuzione dei prodotti, cos\u00ec come le condizioni ottimali della flotta di veicoli ci permette di assicurare ai clienti che i loro prodotti vengano trasportati nelle migliori condizioni.<\/p>\n<p><span class=\"text-gris-claro-color\" style=\"font-weight: 600;\">Alcuni dei valori che ci caratterizzano sono:<\/span><\/p>\n<ul class=\"lista-social\">\n<li>Organizzazione eccellente ed esclusiva.<\/li>\n<li>Massima presenza nelle aree pi\u00f9 importanti del settore orticolo.<\/li>\n<li>Capacit\u00e0 di trasportare pi\u00f9 di 65.000 tonnellate all&#8217;anno.<\/li>\n<li>Strutture completamente attrezzate per il controllo della temperatura.<\/li>\n<li>Personale altamente qualificato.<\/li>\n<li>Ripartizione giornaliera dei veicoli per la raccolta di frutta e verdura.<\/li>\n<\/ul>\n<p>[\/vc_column_text][\/vc_column][\/vc_row][vc_row row_height_percent=&#8221;0&#8243; override_padding=&#8221;yes&#8221; h_padding=&#8221;2&#8243; top_padding=&#8221;2&#8243; bottom_padding=&#8221;0&#8243; overlay_alpha=&#8221;50&#8243; gutter_size=&#8221;3&#8243; column_width_percent=&#8221;100&#8243; shift_y=&#8221;0&#8243; z_index=&#8221;0&#8243;][vc_column width=&#8221;1\/1&#8243;][vc_column_text]<span class=\"h6 color-cherry font-600\">Servizi di trasporto di prodotti ortofrutticoli<\/span><\/p>\n<p>La nostra posizione strategica, tra il <span class=\"text-gris-claro-color\" style=\"font-weight: 600;\">Poniente Almeriense e l&#8217;Huerta di Murcia<\/span>, accompagnata dall&#8217;ampia copertura che ADLogistica ha, ci permette di trasportare tutti i <span class=\"text-gris-claro-color\" style=\"font-weight: 600;\">generi di frutta e verdura prodotti, assicurando che in meno di 48 ore la mercanzia possa essere nelle mani del cliente finale in quei mercati in cui si lavora.<\/span><\/p>\n<p>Durante il trasporto la qualit\u00e0 del prodotto \u00e8 garantita in modo che arrivi nelle migliori condizioni alle vostre tavole.[\/vc_column_text][\/vc_column][\/vc_row]<\/p>\n<\/div>","protected":false},"excerpt":{"rendered":"<p>[vc_row row_height_percent=&#8221;0&#8243; override_padding=&#8221;yes&#8221; h_padding=&#8221;2&#8243; top_padding=&#8221;0&#8243; bottom_padding=&#8221;2&#8243; overlay_alpha=&#8221;50&#8243; gutter_size=&#8221;3&#8243; column_width_percent=&#8221;100&#8243; shift_y=&#8221;0&#8243; z_index=&#8221;0&#8243;][vc_column width=&#8221;2\/3&#8243;][vc_column_text]ADLOGISTICS \u00e8 il marchio Garciden responsabile della distribuzione di [&hellip;]<\/p>\n","protected":false},"author":1,"featured_media":3149,"parent":2458,"menu_order":0,"comment_status":"closed","ping_status":"closed","template":"","meta":{"footnotes":""},"class_list":["post-2461","page","type-page","status-publish","has-post-thumbnail","hentry"],"acf":[],"_links":{"self":[{"href":"https:\/\/garciden.com\/it\/wp-json\/wp\/v2\/pages\/2461"}],"collection":[{"href":"https:\/\/garciden.com\/it\/wp-json\/wp\/v2\/pages"}],"about":[{"href":"https:\/\/garciden.com\/it\/wp-json\/wp\/v2\/types\/page"}],"author":[{"embeddable":true,"href":"https:\/\/garciden.com\/it\/wp-json\/wp\/v2\/users\/1"}],"replies":[{"embeddable":true,"href":"https:\/\/garciden.com\/it\/wp-json\/wp\/v2\/comments?post=2461"}],"version-history":[{"count":1,"href":"https:\/\/garciden.com\/it\/wp-json\/wp\/v2\/pages\/2461\/revisions"}],"predecessor-version":[{"id":6106,"href":"https:\/\/garciden.com\/it\/wp-json\/wp\/v2\/pages\/2461\/revisions\/6106"}],"up":[{"embeddable":true,"href":"https:\/\/garciden.com\/it\/wp-json\/wp\/v2\/pages\/2458"}],"wp:featuredmedia":[{"embeddable":true,"href":"https:\/\/garciden.com\/it\/wp-json\/wp\/v2\/media\/3149"}],"wp:attachment":[{"href":"https:\/\/garciden.com\/it\/wp-json\/wp\/v2\/media?parent=2461"}],"curies":[{"name":"wp","href":"https:\/\/api.w.org\/{rel}","templated":true}]}}

<div class="wpb-content-wrapper"><p>[vc_row row_height_percent=&#8221;0&#8243; override_padding=&#8221;yes&#8221; h_padding=&#8221;2&#8243; top_padding=&#8221;0&#8243; bottom_padding=&#8221;2&#8243; overlay_alpha=&#8221;50&#8243; gutter_size=&#8221;3&#8243; column_width_percent=&#8221;100&#8243; shift_y=&#8221;0&#8243; z_index=&#8221;0&#8243;][vc_column width=&#8221;2/3&#8243;][vc_column_text]<span class="text-gris-clave-color" style="font-weight: 600;"><a href="https://adlogistics.es/" target="_blank" rel="noopener">ADLOGISTICS</a> è il marchio Garciden responsabile della distribuzione di una vasta gamma di prodotti, sia propri che di altre aziende, in tutta Europa.</span></p>
<p><span class="text-gris-clave-color" style="font-weight: 600;">Nasce con l&#8217;obiettivo di garantire i tempi e la qualità del prodotto che viene consegnato. Con una flotta media di oltre 100 veicoli refrigerati, equipaggiati con le più recenti tecnologie, e con più di 20 milioni chilometri all&#8217;anno, forniamo più di 650 clienti su base costante in tutta Europa 365 giorni all&#8217;anno.</span></p>
<p>La flotta di veicoli, costituita da rimorchi, isotermi e veicoli rigidi, è in costante rinnovamento ed espansione. La versatilità di possedere una flotta così ampia e diversificata aiuta a soddisfare i tempi di consegna in quanto è progettata per migliorare la copertura dell&#8217;azienda. Al fine di garantire le migliori condizioni sia per i veicoli che per i rimorchi frigoriferi, in GARCIDEN abbiamo creato un sofisticato laboratorio specializzato in cadauno degli elementi che compongono ciascuno dei nostri veicoli.</p>
<p>Per GARCIDEN e ADLOGISTICS le condizioni dei loro dipendenti, veicoli e l&#8217;impatto sull&#8217;ambiente sono di fondamentale importanza ed è per questo che GARCIDEN investe ogni anno in nuovi mezzi cosicché siano sempre i migliori.[/vc_column_text][/vc_column][vc_column column_width_percent=&#8221;100&#8243; gutter_size=&#8221;2&#8243; overlay_alpha=&#8221;50&#8243; shift_x=&#8221;0&#8243; shift_y=&#8221;0&#8243; shift_y_down=&#8221;0&#8243; z_index=&#8221;0&#8243; medium_width=&#8221;0&#8243; mobile_width=&#8221;0&#8243; width=&#8221;1/3&#8243;][vc_single_image media=&#8221;1132&#8243; media_width_percent=&#8221;100&#8243;][vc_single_image media=&#8221;1258&#8243; media_width_percent=&#8221;100&#8243;][/vc_column][/vc_row][vc_row row_height_percent=&#8221;0&#8243; override_padding=&#8221;yes&#8221; h_padding=&#8221;2&#8243; top_padding=&#8221;0&#8243; bottom_padding=&#8221;0&#8243; overlay_alpha=&#8221;50&#8243; gutter_size=&#8221;2&#8243; column_width_percent=&#8221;100&#8243; shift_y=&#8221;0&#8243; z_index=&#8221;0&#8243;][vc_column width=&#8221;1/3&#8243;][vc_column_text el_class=&#8221;listado-mapa-internacional pescado&#8221;]PARTENZE INTERNAZIONALI</p>
<ul style="margin-bottom: 30px !important;">
<li>Francia del sud</li>
<li>Milano</li>
<li>Verona</li>
<li>Padova</li>
<li>Bologna</li>
</ul>
<p>[/vc_column_text][/vc_column][vc_column width=&#8221;1/3&#8243;][vc_column_text el_class=&#8221;listado-mapa-internacional pescado&#8221;]DPTO. NATION</p>
<ul>
<li>Almeria</li>
<li>Regione di Murcia</li>
<li>Comunità di Madrid</li>
<li>Catalogna</li>
<li>Comunità Valenciana</li>
<li>Resto delle Communità Mediterranee</li>
</ul>
<p>[/vc_column_text][/vc_column][vc_column width=&#8221;1/3&#8243;][vc_column_text el_class=&#8221;listado-mapa-internacional pescado&#8221;]RITORNI</p>
<ul>
<li>Comunità di Madrid</li>
<li>Catalogna</li>
<li>Comunità Valenciana</li>
<li>Resto delle Communità Mediterranee</li>
<li>Dall&#8217;Italia alla Spagna</li>
<li>Francia del sud</li>
</ul>
<p>[/vc_column_text][/vc_column][/vc_row][vc_row row_height_percent=&#8221;0&#8243; override_padding=&#8221;yes&#8221; h_padding=&#8221;2&#8243; top_padding=&#8221;2&#8243; bottom_padding=&#8221;0&#8243; overlay_alpha=&#8221;50&#8243; gutter_size=&#8221;3&#8243; column_width_percent=&#8221;100&#8243; shift_y=&#8221;0&#8243; z_index=&#8221;0&#8243;][vc_column width=&#8221;1/1&#8243;][vc_column_text]<span class="h6 color-cherry font-600">Our fleet of vehicles</span></p>
<p>La nostra flotta è costituita da una grande varietà di veicoli refrigerati che si adattano a tutte le esigenze..Abbiamo più di 100 Trattori e 130 rimorchi, isotermi e veicoli rigidi; disponibili 365 giorni all&#8217;anno per tutti I nostri clienti.</p>
<p>Grazie al continuo rinnovamento e ampliamento dei nostri trattori e rimorchi anno dopo anno, garantiamo le condizioni ottimali dei veicoli e dei rimorchi-frigo per il trasporto di qualsiasi tipo di merce.</p>
<p>Abbiamo un <span class="text-gris-claro-color" style="font-weight: 600;">laboratorio sofisticato con personale specializzato in meccanica di veicoli pesanti e attrezzature fredde.</span>. Gli obiettivi principali di questo reparto sono la sicurezza dei nostri autisti, mantenendo la corretta condizione della merce dei nostri clienti e minimizzando l&#8217;impatto sull&#8217;ambiente. Per questo, la corretta organizzazione interna dell’officina ci permette di raggiungere questi obiettivi.[/vc_column_text][/vc_column][/vc_row][vc_row row_height_percent=&#8221;0&#8243; override_padding=&#8221;yes&#8221; h_padding=&#8221;2&#8243; top_padding=&#8221;2&#8243; bottom_padding=&#8221;0&#8243; overlay_alpha=&#8221;50&#8243; gutter_size=&#8221;3&#8243; column_width_percent=&#8221;100&#8243; shift_y=&#8221;0&#8243; z_index=&#8221;0&#8243;][vc_column width=&#8221;1/1&#8243;][vc_column_text]<span class="h6 color-cherry font-600">I nostri servizi</span></p>
<p>L&#8217;organizzazione e la professionalità del team ADLOGISTICS ci permette di offrire ai nostri clienti 24/7 attenzione personalizzata e il tracciamento continuo del carico per garantire i tempi di consegna e le buone condizioni della merce.</p>
<p><span class="text-gris-claro-color" style="font-weight: 600;">Offriamo servizi di trasporto merci in forma di groupage e camion completi. Sempre impegnati a soddisfare le esigenze e le peculiarità di ciascuno dei viaggi che facciamo.</span></p>
<p>Secondo l&#8217;origine e la destinazione del trasporto dividiamo la nostra attività in diversi dipartimenti:</p>
<p><span class="text-gris-claro-color" style="font-weight: 600;">&#8211; Dipartimento di PARTENZE:</span> l&#8217;obiettivo principale di questo reparto è il trasporto di prodotti ortofrutticoli dal sud della Spagna al mercato europeo. La nostra posizione strategica e la grande copertura territoriale che offriamo permette al cliente di ricevere il prodotto nelle migliori condizioni al momento desiderato. L&#8217;organizzazione e la professionalità del team ADLOGISTICS ci permette di offrire ai nostri clienti un servizio continuo 24 ore e di localizzare in tempo reale il carico per garantire i tempi di consegna e le buone condizioni della merce.</p>
<p><span class="text-gris-claro-color" style="font-weight: 600;">&#8211; Dipartimento dei RITORNI:</span> trasporiamo tutti i tipi di merci, pacchi, imballaggi o industriali. ADLOGISTICS ha una grande copertura internazionale, concentrando la sua attività nel nord Italia.</p>
<p><span class="text-gris-claro-color" style="font-weight: 600;">&#8211; Dipartimento NAZIONALE:</span> la nostra logistica è presente in tutto il territorio nazionale, con veicoli provenienti dal resto d&#8217;Europa che hanno il nostro Paese come destinazione. All&#8217;interno del territorio nazionale alcune delle nostre rotte attraversano comunità autonome come quelle della Catalogna, di Valencia e Madrid, fino a giungere alla zona di Almeria e Murcia.[/vc_column_text][/vc_column][/vc_row][vc_row row_height_percent=&#8221;0&#8243; override_padding=&#8221;yes&#8221; h_padding=&#8221;2&#8243; top_padding=&#8221;2&#8243; bottom_padding=&#8221;0&#8243; overlay_alpha=&#8221;50&#8243; gutter_size=&#8221;3&#8243; column_width_percent=&#8221;100&#8243; shift_y=&#8221;0&#8243; z_index=&#8221;0&#8243;][vc_column width=&#8221;1/1&#8243;][vc_column_text]<span class="h6 color-cherry font-600">Servizio di camion sicuro e completo</span></p>
<p><span class="text-gris-claro-color" style="font-weight: 600;">Il servizio di camion di gruppo e completo, in costante evoluzione, è attualmente uno dei più importanti di AD logística. Grazie alle dimensioni della flotta, la grande diversità di itinerari che vengono effettuati e l&#8217;eccellente personale che questa divisione di Garciden possiede, è possibile eseguirla con la massima garanzia.</span></p>
<p>La professionalità del team di incaricati della distribuzione dei prodotti, così come le condizioni ottimali della flotta di veicoli ci permette di assicurare ai clienti che i loro prodotti vengano trasportati nelle migliori condizioni.</p>
<p><span class="text-gris-claro-color" style="font-weight: 600;">Alcuni dei valori che ci caratterizzano sono:</span></p>
<ul class="lista-social">
<li>Organizzazione eccellente ed esclusiva.</li>
<li>Massima presenza nelle aree più importanti del settore orticolo.</li>
<li>Capacità di trasportare più di 65.000 tonnellate all&#8217;anno.</li>
<li>Strutture completamente attrezzate per il controllo della temperatura.</li>
<li>Personale altamente qualificato.</li>
<li>Ripartizione giornaliera dei veicoli per la raccolta di frutta e verdura.</li>
</ul>
<p>[/vc_column_text][/vc_column][/vc_row][vc_row row_height_percent=&#8221;0&#8243; override_padding=&#8221;yes&#8221; h_padding=&#8221;2&#8243; top_padding=&#8221;2&#8243; bottom_padding=&#8221;0&#8243; overlay_alpha=&#8221;50&#8243; gutter_size=&#8221;3&#8243; column_width_percent=&#8221;100&#8243; shift_y=&#8221;0&#8243; z_index=&#8221;0&#8243;][vc_column width=&#8221;1/1&#8243;][vc_column_text]<span class="h6 color-cherry font-600">Servizi di trasporto di prodotti ortofrutticoli</span></p>
<p>La nostra posizione strategica, tra il <span class="text-gris-claro-color" style="font-weight: 600;">Poniente Almeriense e l&#8217;Huerta di Murcia</span>, accompagnata dall&#8217;ampia copertura che ADLogistica ha, ci permette di trasportare tutti i <span class="text-gris-claro-color" style="font-weight: 600;">generi di frutta e verdura prodotti, assicurando che in meno di 48 ore la mercanzia possa essere nelle mani del cliente finale in quei mercati in cui si lavora.</span></p>
<p>Durante il trasporto la qualità del prodotto è garantita in modo che arrivi nelle migliori condizioni alle vostre tavole.[/vc_column_text][/vc_column][/vc_row]</p>
</div>

<p>[vc_row row_height_percent=&#8221;0&#8243; override_padding=&#8221;yes&#8221; h_padding=&#8221;2&#8243; top_padding=&#8221;0&#8243; bottom_padding=&#8221;2&#8243; overlay_alpha=&#8221;50&#8243; gutter_size=&#8221;3&#8243; column_width_percent=&#8221;100&#8243; shift_y=&#8221;0&#8243; z_index=&#8221;0&#8243;][vc_column width=&#8221;2/3&#8243;][vc_column_text]ADLOGISTICS è il marchio Garciden responsabile della distribuzione di [&hellip;]</p>
